{"id":269,"date":"2023-11-09T11:33:34","date_gmt":"2023-11-09T11:33:34","guid":{"rendered":"https:\/\/hodge.maths.ed.ac.uk\/?page_id=269"},"modified":"2023-11-09T11:33:34","modified_gmt":"2023-11-09T11:33:34","slug":"reading-seminar-on-higher-algebra","status":"publish","type":"page","link":"https:\/\/hodge.maths.ed.ac.uk\/?page_id=269","title":{"rendered":"Reading Seminar on Higher\u00a0Algebra"},"content":{"rendered":"\n<p>Welcome to the homepage of the working seminar on Lurie&#8217;s Higher Algebra. It is coordinated by&nbsp;<a href=\"mailto:f.petit@ed.ac.uk\">Francois Petit<\/a>&nbsp;and&nbsp;<a href=\"mailto:m.wemyss@ed.ac.uk\">Michael Wemyss<\/a>.<br>We aim to start in Week 0 or 1 of Semester 2.<\/p>\n\n\n\n<p><strong>There will be an organisational meeting on Thursday the 16th of January from 1pm to 2pm in the common room.<\/strong><\/p>\n\n\n\n<p><strong>The seminar will take place in Room 6311 on Tuesday from 11am to 1pm.<\/strong><\/p>\n\n\n\n<h4 class=\"wp-block-heading\" id=\"Program\">Program<a href=\"https:\/\/hodge.maths.ed.ac.uk\/tiki\/RSHA#Program\"><\/a><\/h4>\n\n\n\n<p>-21\/01\/2014 Crash course on infinity categories (Francois Petit).<br>-28\/01\/2014 We read till p.24.<br>-04\/02\/2014 We read till section 1.2<br>-11\/02\/2014 We read till page 34.<br>-18\/02\/2014 We read part of section 1.2.<br>-25\/02\/2014 Break.<br>-04\/03\/2014 We continued our reading of section 1.2.<br>-11\/03\/2014 We started section 1.3.<\/p>\n\n\n\n<h4 class=\"wp-block-heading\" id=\"References\">References<a href=\"https:\/\/hodge.maths.ed.ac.uk\/tiki\/RSHA#References\"><\/a><\/h4>\n\n\n\n<p><br>Jacob Lurie, Higher Algebra&nbsp;<a target=\"_blank\" href=\"http:\/\/www.math.harvard.edu\/~lurie\/papers\/HigherAlgebra.pdf\" rel=\"noreferrer noopener\">(pdf)<\/a><\/p>\n\n\n\n<p><strong>Refrences on simplicial sets<\/strong><\/p>\n\n\n\n<p>Greg Friedman, An elementary illustrated introduction to simplicial sets,&nbsp;<a target=\"_blank\" href=\"http:\/\/arxiv.org\/abs\/0809.4221\" rel=\"noreferrer noopener\">(ArXiv)<\/a><br>Paul G. Goerss and John F. Jardine, Simplicial Homotopy Theory, Springer, 2009<\/p>\n\n\n\n<p><strong>Refences on quasicategories<\/strong><\/p>\n\n\n\n<p>Denis-Charles Cisinski, Alg\u00e8bre homotopique et cat\u00e9gories sup\u00e9rieures,&nbsp;<a target=\"_blank\" href=\"http:\/\/www.math.univ-toulouse.fr\/~dcisinsk\/coursinftycat.pdf\" rel=\"noreferrer noopener\">(pdf)<\/a><br>Moritz Groth, A short course on infinity-categories,&nbsp;<a target=\"_blank\" href=\"http:\/\/arxiv.org\/abs\/1007.2925\" rel=\"noreferrer noopener\">(ArXiv)<\/a><br>Andre Joyal, The theory of quasi-categories and its applications,&nbsp;<a target=\"_blank\" href=\"http:\/\/mat.uab.cat\/~kock\/crm\/hocat\/advanced-course\/Quadern45-2.pdf\" rel=\"noreferrer noopener\">(pdf)<\/a><br>Jacob Lurie, Higher Topos Theory&nbsp;<a target=\"_blank\" href=\"http:\/\/www.math.harvard.edu\/~lurie\/papers\/croppedtopoi.pdf\" rel=\"noreferrer noopener\">(pdf)<\/a><\/p>\n","protected":false},"excerpt":{"rendered":"<p>Welcome to the homepage of the working seminar on Lurie&#8217;s Higher Algebra. It is coordinated by&nbsp;Francois Petit&nbsp;and&nbsp;Michael Wemyss.We aim to start in Week 0 or 1 of Semester 2. There will be an organisational meeting on Thursday the 16th of January from 1pm to 2pm in the common room. The seminar will take place in [&hellip;]<\/p>\n","protected":false},"author":1,"featured_media":76,"parent":0,"menu_order":0,"comment_status":"closed","ping_status":"closed","template":"","meta":{"footnotes":""},"class_list":["post-269","page","type-page","status-publish","has-post-thumbnail","hentry"],"_links":{"self":[{"href":"https:\/\/hodge.maths.ed.ac.uk\/index.php?rest_route=\/wp\/v2\/pages\/269","targetHints":{"allow":["GET"]}}],"collection":[{"href":"https:\/\/hodge.maths.ed.ac.uk\/index.php?rest_route=\/wp\/v2\/pages"}],"about":[{"href":"https:\/\/hodge.maths.ed.ac.uk\/index.php?rest_route=\/wp\/v2\/types\/page"}],"author":[{"embeddable":true,"href":"https:\/\/hodge.maths.ed.ac.uk\/index.php?rest_route=\/wp\/v2\/users\/1"}],"replies":[{"embeddable":true,"href":"https:\/\/hodge.maths.ed.ac.uk\/index.php?rest_route=%2Fwp%2Fv2%2Fcomments&post=269"}],"version-history":[{"count":1,"href":"https:\/\/hodge.maths.ed.ac.uk\/index.php?rest_route=\/wp\/v2\/pages\/269\/revisions"}],"predecessor-version":[{"id":270,"href":"https:\/\/hodge.maths.ed.ac.uk\/index.php?rest_route=\/wp\/v2\/pages\/269\/revisions\/270"}],"wp:featuredmedia":[{"embeddable":true,"href":"https:\/\/hodge.maths.ed.ac.uk\/index.php?rest_route=\/wp\/v2\/media\/76"}],"wp:attachment":[{"href":"https:\/\/hodge.maths.ed.ac.uk\/index.php?rest_route=%2Fwp%2Fv2%2Fmedia&parent=269"}],"curies":[{"name":"wp","href":"https:\/\/api.w.org\/{rel}","templated":true}]}}